= g*w. Is w a composite number?
False
Suppose 3*u - 19 = -0*u + z, 0 = 3*u + 2*z - 7. Suppose u*d - 2675 = 5640. Is d a prime number?
True
Let j be (-2 + 17)/(-3)*1567. Let h = j - -173. Is (-1)/4 + h/(-24) composite?
True
Let f = 56453 + -33336. Is f composite?
False
Suppose m = -5*m + 75414. Is m prime?
True
Let p(a) = -7*a + 1. Let v be p(4). Let x = v + 34. Is x a prime number?
True
Let w be 18/4 + (-2)/4. Is (-486 - w - 1)/(-1) composite?
False
Suppose -3*x - 5*n = -31964, 5*x + 10*n - 53305 = 8*n. Is x composite?
False
Let j(r) = 11*r**2 - 48*r - 56. Is j(-27) a prime number?
False
Let m be (-56)/(-3 + (5 - 3)). Suppose -2*p + m = -22. Let h = p + -18. Is h composite?
True
Let w = 21755 + -12896. Is w a composite number?
True
Let y(d) = 64*d**2 - 16*d + 149. Is y(8) a composite number?
True
Let h(o) = -1968*o + 24. Let v be h(6). Is (3/1)/((-9)/v*4) prime?
False
Let n be (-6)/(-4)*(27 - 25). Suppose 4*l - 5*c = 7*l - 1907, 5*l = -n*c + 3157. Is l prime?
False
Let k be (-16)/(-6)*3/2. Suppose 18 = k*p - 122. Is (-4)/(-14) - (-4260)/p a composite number?
True
Suppose 3*s = 3*c + 9, 5 = 5*c - 6*c + 2*s. Let h(q) = -301*q + 6. Is h(c) composite?
False
Let i(z) be the first derivative of -z**4/12 - 3*z**3/2 - 7*z**2/2 - 3*z + 3. Let k(n) be the first derivative of i(n). Is k(-7) prime?
True
Let k = 147 + 3820. Is k composite?
False
Let s = 19 + -5. Let o = -10 + s. Is o a composite number?
True
Let q(k) = -k**3 + 11*k**2 - 6. Let p be q(5). Let l = p - 77. Is l composite?
False
Let u = 3 - 9. Let a(d) = -3*d**3 - 2*d**2 + 13*d + 1. Is a(u) a prime number?
True
Let p(m) = -70*m - 1. Let i(w) = w**3 - 8*w**2 - 8*w - 12. Let x be i(9). Is p(x) a prime number?
False
Suppose 2 = j + q - 0, -5*q = -j - 10. Suppose j = 7*m - 8*m + 209. Is m a prime number?
False
Suppose 3*m = 6*m - 2154. Let p be 45/30*m/3. Let c = p - 246. Is c prime?
True
Suppose 0 = -4*i - u - u, 3*i - 5*u = 0. Suppose 4*q + p = 4855, 4*q + i*p = -3*p + 4861. Is q a prime number?
True
Let l(c) be the third derivative of 173*c**5/60 + c**4/4 + c**3/2 - 4*c**2. Is l(-2) prime?
True
Suppose 22*d = 26*d - 2*v - 23850, -5*d + 5*v = -29820. Is d a composite number?
True
Let l be ((-209)/(-95))/(1/(-5)). Suppose -3*x - 315 = -3*y, 2*y - 3*x - 119 - 96 = 0. Let v = y + l. Is v prime?
True
Is (-1774)/(-4)*(12 - (1 + 9)) prime?
True
Let n = -2 + 5. Suppose 2*p = n*p. Suppose -3*y + 256 - 19 = p. Is y a prime number?
True
Let i(d) = 5*d**3 - d**2 - 2*d - 3. Let b(t) = -t**2 + 17*t + 4. Let f be b(17). Is i(f) a composite number?
False
Let j be 41 + (-3 - (2 - 4)). Suppose 0 = -a - 3*a + j. Is 4/a + 1596/35 composite?
True
Let l(w) = -w**3 + 49*w**2 + 56*w - 141. Is l(49) a composite number?
True
Suppose -9*y + 33143 + 19984 = 0. Is y a composite number?
False
Let b = 2137 + 8526. Is b composite?
False
Suppose 0 = -12*k + 5*k + 38899. Is k prime?
True
Let y = 4039 - -235. Is (-3)/(-4) - y/(-8) a prime number?
False
Suppose -4*y = -3*x + 15215, 6636 - 1539 = x + 5*y. Is x composite?
False
Let w(p) = -43*p - 291. Is w(-34) composite?
False
Let a(w) = 2*w + 1. Let y be a(0). Is 4 - (-4 + y)*17 prime?
False
Let l(z) = 551*z + 20. Is l(1) prime?
True
Let o(m) = m**3 + 7*m**2 - 20*m - 13. Let c be o(-9). Suppose -t = -c*n - 84, -t = 4*t + 4*n - 362. Is t a prime number?
False
Let u(y) = 17*y - 21. Suppose 4*l + 5*l = 72. Is u(l) a composite number?
True
Is 1195965/21 + 8 + 324/(-42) prime?
True
Suppose 0 = -2*a - a - 4*q + 40, 0 = -5*q - 10. Suppose 4*t + 2*v = -2*v + 24, 2*t + 4*v - a = 0. Suppose 2*d - 2 = t, 2*l + 3*d - 35 = 0. Is l a prime number?
True
Suppose -5*y + 3*y = -6. Let j(k) = 28*k**2 - 3*k + 2. Let q be j(y). Suppose -332 = -4*g - 4*d, 3*g + d = -4*d + q. Is g composite?
True
Suppose 0 = -r + 1 + 1. Suppose -546 = -0*w + r*w. Is 1/(1/w*-3) a prime number?
False
Let d = 735 + -572. Is d a prime number?
True
Let n(v) = -4*v**3 - 3*v**2 - 3*v + 1. Let q be n(-3). Let k = -258 + q. Let s = k - -668. Is s prime?
False
Let c be (75/(-6))/(-5)*-10. Let o = c - -796. Suppose o = 3*a - 0*a. Is a a prime number?
True
Suppose -4*d - 6 + 18 = 0. Let u be 4/(-18) - (-1568)/252. Suppose -120 = 2*p - u*p + 4*i, -95 = -d*p + 4*i. Is p composite?
True
Suppose 0 = 2*u - 3*a - 9, -5*u = -7*a + 3*a - 5. Is (3/(-24)*2)/(u/11028) a composite number?
False
Suppose 75928 = -153*i + 161*i. Is i composite?
False
Let q = -62 + 62. Is q - ((-12)/24)/(1/9442) composite?
False
Let j(l) be the second derivative of l**3/3 + 33*l**2 - l. Let o be j(0). Suppose 0 = -2*b + 3*f + o, -5*b + f - 48 = -213. Is b a composite number?
True
Let q = -7933 + 14672. Is q composite?
True
Suppose -3*i + 4572 = 9*i. Is i prime?
False
Let d(v) be the third derivative of v**6/120 - v**5/60 + v**4/12 + 7*v**3/6 - v**2. Is d(8) prime?
False
Suppose 53 = 5*a - 3*t, -2*a = 4*t - 2*t - 18. Suppose -9 = -p - 2*v, -3*v - a = -4*p + 4. Suppose 4*n + 105 = p*b - n, 5*b - 99 = 2*n. Is b composite?
False
Is 2 - (-1*1)/((-10)/(-121470)) a composite number?
False
Let w = 23 - 13. Let m(f) = 23*f - 15. Let y be m(w). Suppose 0 = -3*t - 2*b + y, 0*b - 357 = -5*t - 3*b. Is t composite?
True
Let u(f) = -3*f - 10. Let z be u(-4). Suppose -z*c + 3*c = 1. Is (c - 0)/2*358 composite?
False
Let y(s) = 6*s**2 - 4*s + 1. Let q(b) = -b**3 + 3*b**2 - 2*b + 3. Suppose 3*v = -2*k - k + 6, -8 = -4*v - 3*k. Let g be q(v). Is y(g) prime?
True
Let v(b) = 2*b**2 - 42*b + 40. Let z be v(20). Suppose -12*i + 1458 + 4578 = z. Is i prime?
True
Is ((-6097)/52)/((-3)/12) a prime number?
False
Suppose 4*n - 20 = -0*n. Suppose -1074 = -5*c - 0*c + 4*y, n*c - 1067 = -3*y. Is c a composite number?
True
Suppose 5*a - 4*b = 401215, 0 = -4*a + 2*b - 0*b + 320972. Is a a composite number?
True
Let g(y) = y - 8. Let o be g(13). Let v(k) = -5*k**2 + 7*k - 2. Let n be v(o). Let m = -59 - n. Is m a composite number?
True
Suppose 670 = 5*w - 3*w. Is w prime?
False
Let t be 5*-2*4/(-40). Let j = 0 + t. Let k(s) = 466*s**3 + s**2 + s - 1. Is k(j) prime?
True
Suppose -g - 2*p + 117 = -6*p, 0 = 5*g + 4*p - 681. Let y = g + 280. Is y prime?
False
Let f(a) = 48*a**3 + 3*a**2 + 2*a - 3. Let q(o) = -192*o**3 - 12*o**2 - 9*o + 13. Let n(t) = 9*f(t) + 2*q(t). Is n(2) prime?
False
Suppose 0 = 4*v - 5*x - 10, v + 3*x - 4*x - 3 = 0. Let i(c) = 53*c**2 - 6*c - 2. Is i(v) a composite number?
True
Let o(n) = 14864*n - 15. Is o(1) prime?
False
Suppose 0*k = -5*k + j + 20890, 4*j = 4*k - 16712. Is k/4 + (-39)/26 composite?
True
Let y = 1440 - 997. Is y a composite number?
False
Is 197*(0 + 0 - -7) a composite number?
True
Let j = -1463 - -2262. Is j prime?
False
Is ((-10)/(-6))/((-7)/(-703983)*7) a prime number?
False
Let k be -11 - 91 - 2/2. Let g = -14 - k. Is g composite?
False
Let j = 4535 + 4284. Is j composite?
False
Suppose 505*t + 207705 = 520*t. Is t prime?
False
Let o be ((-3552)/10 + 2)*5. Let p = -2614 - o. Let f = 1291 + p. Is f a prime number?
True
Let u = -257 - -167. Let r = u + 217. Is r composite?
False
Let r be ((-8)/20*1)/((-3)/15). Suppose r*y - 6*y = u - 79, 3*y = -6. Is u composite?
True
Suppose -17*r + 35*r - 20106 = 0. Is r a composite number?
False
Let s = -3638 + 6204. Suppose s = 4*p - 118. Is p a composite number?
True
Suppose 11*s = -25*s + 452772. Is s a prime number?
True
Let a = 2051 + -1207. Is (a/12)/(2/6) prime?
True
Let c = 4716 + 7267. Is c composite?
True
Suppose 0 = 2*x - 4*x + 324. Suppose 2*n = 4*f - n - 643, n + x = f. Is f prime?
True
Let s be (-1)/2 - 144/32. Let r(i) = i**3 + 4*i**2 - 4*i + 8. Let h be r(s). Suppose -h*m - 96 + 639 = -3*b, 4*b - 362 = -2*m. Is m prime?
True
Let k = 120 + -69. Suppose 0 = -46*b + k*b. Suppose -4*d - d + 955 = b. Is d prime?
True
Suppose 16 = -4*p + 9*p - 4*b, 3*b - 19 = -4*p. Suppose -5*y = p*q - 2537, -y + 3*q + 490 = -2*q. Is y a composite number?
True
Let v(n) = n**3 + 2*n**2 - 12*n + 17. Let j(m) = -m + 21. Let w be j(11). Is v(w) a prime number?
True
Let o = -29 + 64. Suppose o*i - 2465 = 30*i. Is i a composite number?
True
Let k(y) = -2*y**3 + 76*y**2 - 24*y + 59. Is k(34) a prime number?
False
Let n = 1341 + -790. Let m = -234 + n. Is m composite?
False
Let q(o) = -9 - 10*o + 0 - 14. Is q(-10) prime?
False
Let c = -652 + 7869. Is c a composite number?
True
Let g = -33 + 28. Let z be 5/(-25) - 51/g. Suppose 0 = 